ded by d?
10
Let z = 481 + -136. Suppose 4*u + z = 9*u. What is the remainder when u is divided by 25?
19
Let j be 11/4 - 2/(-8). Suppose -106 - 161 = -j*f. Calculate the remainder when f is divided by ((-30)/(-6))/((-2)/(-4)).
9
Suppose 0 = 4*c + 4*a - 20, -4*c + 9 = 3*a - 11. Suppose -c*l + 46 = -4*l - 2*f, l - 46 = 5*f. What is the remainder when l is divided by 7?
4
Suppose 13*h = 556 + 81. Let z be 2/(-8) + (-153)/(-36). Calculate the remainder when h is divided by (2/z)/((-5)/(-100)).
9
Let w(x) = -64*x - 1113. Calculate the remainder when 140 is divided by w(-18).
23
Suppose 2*q + 3*q - 105 = 0. Let i(n) = -27*n - 39. Let r be i(-13). Let c = 457 - r. What is the remainder when c is divided by q?
19
Let t(r) = 4*r**2 + 15*r + 1. Calculate the remainder when t(-7) is divided by 19.
16
Let f(t) = 11*t**2 - 8*t - 2. Let x be f(5). Suppose -2*p - 43 = -x. Suppose r = 5*q - p, -6*q + 3*q - 5*r = -57. What is the remainder when 50 is divided by q?
12
Let w(a) = -a**3 + 7*a**2 + 45*a + 5. Let b(o) = -o**3 + 3*o**2 - 2*o + 11. Let c be b(0). Calculate the remainder when 94 is divided by w(c).
14
Suppose -32892 - 14040 = -9*h + 33771. Calculate the remainder when h is divided by 22.
13
Let o(b) = -5*b + 5. Let s(c) = 2*c**3 + 27*c**2 + 15*c + 12. Let z be s(-13). Let t = -17 - z. What is the remainder when 37 is divided by o(t)?
17
Let j = -5989 - -6031. Calculate the remainder when 1004 is divided by j.
38
Suppose 8993 = 19*n + 2856. Let k = 473 - n. Let q(v) = 37*v**2 + 1. What is the remainder when k is divided by q(-1)?
36
Suppose 3*d - 7057*v + 7052*v - 27233 = 0, -4*d + 36326 = v. Calculate the remainder when d is divided by 149.
141
Suppose -5 = -i - x, -3*i + 2*x - 5 = -25. Suppose -9*z + 11 + 34 = 0. Suppose 12 = 9*u - z*u. What is the remainder when i is divided by u?
0
Calculate the remainder when 3561 is divided by (-69)/((-341)/110 + 4)*6/(-4).
111
Let l = -209 + 229. Let i(k) = -23*k - 262. What is the remainder when i(-13) is divided by l?
17
Suppose 122 = 2*k + 2*a, -12*k + 7*k + 305 = -a. What is the remainder when 2743 is divided by k?
59
Suppose -214*g = -237*g + 874. Calculate the remainder when 63 is divided by g.
25
Let g be 5*4/4 + 481 - 4. Let a = g + -436. Calculate the remainder when a is divided by 37.
9
Let y(s) = -s**2 + 23*s - 77. Let i = 267 - 252. Calculate the remainder when y(i) is divided by 2/(-4)*(-2 - 20).
10
Suppose 0 = 9*p - 7*p - 92. Suppose -p*m = -49*m + 72. Calculate the remainder when 263 is divided by m.
23
Let h = 39299 + -32169. Calculate the remainder when h is divided by 87.
83
Let h = -174 - -182. Suppose 6*q - 1106 = -h*q. What is the remainder when q is divided by (10/4)/((-1)/(-4))?
9
Let r(k) = -97*k + 12. What is the remainder when r(-2) is divided by (-19 - -14)*((-18)/5 + -1)?
22
What is the remainder when -10*(-2 + 15/2*-1) is divided by 16?
15
Let v(c) = -c - 22. Let m be v(-6). Let d(l) = l**3 + 16*l**2 - 2*l - 6. What is the remainder when (-6)/21 + 1380/28 is divided by d(m)?
23
Let n = 5296 - 5235. What is the remainder when 467 is divided by n?
40
Suppose -3*u + u + h = -808, -u + 418 = -4*h. Suppose 0 = 5*z + 10*g - 13*g - 402, -3*z + 244 = g. Calculate the remainder when u is divided by z.
78
Suppose 13*u = 9*u + 20. Suppose 1 = -d, u = z + 2*d + 3*d. Let c(a) = -2*a**2 - 38*a + 15. Calculate the remainder when c(-19) is divided by z.
5
Let v(g) = -18*g + 317. Let m be v(18). Let d = 18 - m. Suppose -2*u - 342 = -2*l - 2*l, 5*l = -5*u + 465. Calculate the remainder when l is divided by d.
13
What is the remainder when 0 - (-40)/(-5) - -2109 is divided by 24?
13
Suppose 0 = 13*m - 18*m - 10. Let n(o) = 44*o + 1. Calculate the remainder when n(1) is divided by (21 - -2)*(m - -3).
22
Let h(x) = -x**2 - 25*x - 122. Let d(u) = -12*u**2 + 3*u - 2. Let v be d(1). What is the remainder when 573 is divided by h(v)?
29
Let u(g) = -g**3 - 12*g**2 - 29*g + 2. Calculate the remainder when 297 is divided by u(-9).
17
Suppose a = -2*u + 68, 12*a - 16 = 8*a. What is the remainder when 221 is divided by u?
29
Let z(w) = w**2 + 5*w - 17. Suppose 4*a + 255 = 5*n, -4*a = 5*n - 3*n - 130. Let c be (-8)/10 - (-319)/n. What is the remainder when z(c) is divided by 17?
16
Let j = 119 - 58. Suppose j*h = 59*h + 30. Calculate the remainder when 42 is divided by h.
12
Suppose 4 = u + 2*y, 3*u - 6*u + y - 2 = 0. Suppose 5*z - 3*z + 4 = u. Calculate the remainder when 26*(z + (-9)/(-2)) is divided by 33.
32
Let c(y) = 12*y - 32. Suppose -4*o + 10 = -2*o. What is the remainder when c(o) is divided by (-1)/(1 + 7/(-6))?
4
Let j be (-6)/21 + 634/14. Suppose 3*w - 27 - j = 0. Suppose -3 = d - w. What is the remainder when 83 is divided by d?
20
Let y(s) = s + 9. Let q = -203 - -206. Calculate the remainder when 30 is divided by y(q).
6
Suppose -3*o + 3 + 3 = 0. Let b = 18 + o. Let y(q) = 57*q - 322. Calculate the remainder when y(7) is divided by b.
17
What is the remainder when 1081 is divided by 29/((-87)/(-405))*1?
1
Let s be (13 - 0) + -5 + (-10 - -17). Suppose 294 = -t + s*t. Calculate the remainder when 48 is divided by t.
6
Suppose 43*d + c = 44*d, -2*c - 16 = -4*d. Let i = 34 + 1. What is the remainder when i is divided by d?
3
Suppose 2*n + 4*t = -66, n = -2*n + 4*t - 69. Let v = 40 - n. Calculate the remainder when v is divided by 14.
11
Let s(t) = 32*t - 1. Let b = 83 - 80. Suppose 5*a = -35 + 160. Calculate the remainder when s(b) is divided by a.
20
Let i(v) = -9*v**2 - 16*v + 110. Let g be i(-22). What is the remainder when (-1)/6 + (-4 - g/36) is divided by 16?
8
Let o = -21 - -42. Suppose 81*a + 198 = 3*g + 84*a, -3*g - 5*a = -198. Calculate the remainder when g is divided by o.
3
Suppose 7*v - 24 = v. Suppose 0 = -u + v*u - 36. What is the remainder when 71 is divided by (4/u)/(4/228)?
14
Let x(o) = 5*o - 108. Let r be x(42). Let p be (2 + -16)/(0 + -2). Suppose -r = w - p*w. What is the remainder when 82 is divided by w?
14
Let q(h) = -96*h + 14509. Suppose -k - 8 + 45 = 0. What is the remainder when k is divided by q(151)?
11
Suppose 23*o - 29*o = -93*o + 2523. Calculate the remainder when 79 is divided by o.
21
Let y be (-2)/(0 - 2)*(3 + -3). Suppose y = 3*f + 2*f - 10. Calculate the remainder when (f + (-152)/(-6))/((-10)/(-15)) is divided by 7.
6
Let n(y) = 12*y - 7. Let a be n(-3). Let l = a - -112. Suppose -f = -3*d + 86, 2*d - l - 10 = 5*f. Calculate the remainder when d is divided by 15.
12
Suppose -k = -1, -66*k = -4*j - 69*k + 159. What is the remainder when 15052 is divided by j?
37
Suppose 44*z + 18 = 50*z. Suppose 0 = -5*c + z*g + 243, 3*c - 143 = -0*g - g. Calculate the remainder when c is divided by 13.
9
Let j(i) = i**3 - 5*i**2 + 3*i + 5. Let b be j(4). Let r = b + 64. Let h(k) = -k**3 + 82*k**2 + 439*k - 331. What is the remainder when r is divided by h(87)?
14
Suppose -8*l + 16671 = -6737. Suppose 2*m - 1 = 3*m, 3*i + 5*m - l = 0. What is the remainder when i is divided by 28?
25
Let u(k) = k**3 + 5*k**2 - 16*k - 11. Let p be u(-7). Suppose -2*w = 5*d - 82, -3*w = p*d + d - 67. What is the remainder when d is divided by 9?
7
Suppose -2*z - d - 1045 = 0, -d + 5*d - 2580 = 5*z. Let t = z + 534. What is the remainder when t is divided by 10?
4
Let a(o) = 9 - 12*o**2 + 11*o**2 - 8*o + 83. What is the remainder when a(0) is divided by 19?
16
Calculate the remainder when (-16 - 2) + -14 + 738 is divided by 58.
10
Let v = -3255 + 3337. Calculate the remainder when 2705 is divided by v.
81
Suppose 5*f - 122 = 92*o - 88*o, 4*f - o = 91. What is the remainder when 943 is divided by f?
19
Suppose 3*l = -7 - 2, -3*x = l - 180. Let i = -3 + -4. Let w = i + x. Calculate the remainder when 105 is divided by w.
51
Let u(i) = 11*i**2 + 4*i - 13*i**2 - 15*i - 20 - 7*i. Let y be u(-27). What is the remainder when (0 - y/12) + (-2)/(-6) is divided by 11?
6
Suppose 28365 = 205*p + 5025 - 17250. What is the remainder when p is divided by 56?
30
Let y(o) = 343*o - 11938. Calculate the remainder when 1072 is divided by y(35).
0
Suppose 247*c - 1632 = 249*c. Let p = -674 - c. Suppose 0 = -a - 3*w + 44, -3*w - w - 125 = -5*a. Calculate the remainder when p is divided by a.
26
Let z(o) = -o**2 - 2*o + 29. Let j be z(12). Calculate the remainder when j/(5 - (-6)/(-1)) is divided by 49.
41
Let s(t) 